{"id":4454,"date":"2025-07-06T08:44:09","date_gmt":"2025-07-06T06:44:09","guid":{"rendered":"https:\/\/beautybyrockagirl.com\/sklep\/?post_type=product&#038;p=4454"},"modified":"2026-04-13T17:08:35","modified_gmt":"2026-04-13T15:08:35","slug":"pakiet-upiecia-2","status":"publish","type":"product","link":"https:\/\/beautybyrockagirl.com\/sklep\/produkt\/pakiet-upiecia-2\/","title":{"rendered":"Pakiet &#8222;\u015aLUBNE UPI\u0118CIA&#8221;"},"content":{"rendered":"<h3 style=\"text-align: center;\"><strong>UWAGA &#8211; PRZED ZAKUPEM UTW\u00d3RZ KONTO! DOST\u0118P DO KURSU PO ZAKUPIE JEST MO\u017bLIWY TYLKO DLA ZALOGOWANYCH U\u017bYTKOWNIK\u00d3W!<\/strong><\/h3>\n<h3 style=\"text-align: center;\"><strong>* * *<\/strong><\/h3>\n<p>Pakiet obejmuj\u0105cy trzy kursy kompleksowo wyczerpuj\u0105ce zagadnienie upi\u0119\u0107 okoliczno\u015bciowych: najnowszy kurs <a href=\"https:\/\/beautybyrockagirl.com\/sklep\/produkt\/super-sleek-bun\/\">SUPER SLEEK BUN<\/a>, a tak\u017ce <a href=\"https:\/\/beautybyrockagirl.com\/sklep\/produkt\/modern-french-twist\/\">MODERN FRENCH TWIST<\/a> oraz <a href=\"https:\/\/beautybyrockagirl.com\/sklep\/produkt\/flawless-updos\/\">FLAWLESS UPDOS<\/a>. Aby zapozna\u0107 si\u0119 ze szczeg\u00f3\u0142ami kurs\u00f3w, kliknij w ich nazwy.<\/p>\n<h3>INFORMACJE:<\/h3>\n<ul>\n<li>nagrania w jako\u015bci <strong>full HD<\/strong>\u00a0&#8211; DOST\u0118PNE W ZAK\u0141ADCE &#8222;TWOJE KURSY&#8221; PO ZAKUPIE I ZALOGOWANIU NA KONTO<\/li>\n<li>uj\u0119cia z\u00a0<strong>dw\u00f3ch kamer<\/strong>\u00a0(popiersie oraz\u00a0<strong>mocny zoom<\/strong>)<\/li>\n<li>om\u00f3wienie sprz\u0119tu, narz\u0119dzi oraz kosmetyk\u00f3w w trakcie nagrania<\/li>\n<li>imienne <strong>certyfikaty<\/strong>\u00a0w formie PDF (do pobrania w zak\u0142adce &#8222;Twoje kursy&#8221; po zakupie i zalogowaniu)<\/li>\n<li><strong>skrypty<\/strong> zawieraj\u0105ce podstawowe informacje teoretyczne o stylizacji w\u0142os\u00f3w, schematy podzia\u0142u w\u0142os\u00f3w na sekcje oraz spis wszystkich u\u017cytych produkt\u00f3w wraz z ich charakterystyk\u0105 (do pobrania w zak\u0142adce &#8222;Twoje kursy&#8221; po zakupie i zalogowaniu)<\/li>\n<li>gwarantowany okres dost\u0119pu: <strong>365 dni<\/strong> (aktualnie czas dost\u0119pu nie jest odg\u00f3rnie limitowany)<\/li>\n<li>ceny zawieraj\u0105 podatek VAT 23%<\/li>\n<\/ul>\n","protected":false},"excerpt":{"rendered":"<p>UWAGA &#8211; PRZED ZAKUPEM UTW\u00d3RZ KONTO! DOST\u0118P DO KURSU PO ZAKUPIE JEST MO\u017bLIWY TYLKO DLA ZALOGOWANYCH U\u017bYTKOWNIK\u00d3W! * * * Pakiet obejmuj\u0105cy trzy kursy kompleksowo wyczerpuj\u0105ce zagadnienie upi\u0119\u0107 okoliczno\u015bciowych: najnowszy kurs SUPER SLEEK BUN, a tak\u017ce MODERN FRENCH TWIST oraz FLAWLESS UPDOS. Aby zapozna\u0107 si\u0119 ze szczeg\u00f3\u0142ami kurs\u00f3w, kliknij w ich nazwy. INFORMACJE: nagrania w [&hellip;]<\/p>\n","protected":false},"featured_media":4945,"template":"","meta":{"_acf_changed":false},"product_brand":[],"product_cat":[16],"product_tag":[],"class_list":{"0":"post-4454","1":"product","2":"type-product","3":"status-publish","4":"has-post-thumbnail","6":"product_cat-kursy","8":"first","9":"instock","10":"virtual","11":"sold-individually","12":"taxable","13":"purchasable","14":"product-type-simple"},"acf":[],"_links":{"self":[{"href":"https:\/\/beautybyrockagirl.com\/sklep\/wp-json\/wp\/v2\/product\/4454","targetHints":{"allow":["GET"]}}],"collection":[{"href":"https:\/\/beautybyrockagirl.com\/sklep\/wp-json\/wp\/v2\/product"}],"about":[{"href":"https:\/\/beautybyrockagirl.com\/sklep\/wp-json\/wp\/v2\/types\/product"}],"wp:featuredmedia":[{"embeddable":true,"href":"https:\/\/beautybyrockagirl.com\/sklep\/wp-json\/wp\/v2\/media\/4945"}],"wp:attachment":[{"href":"https:\/\/beautybyrockagirl.com\/sklep\/wp-json\/wp\/v2\/media?parent=4454"}],"wp:term":[{"taxonomy":"product_brand","embeddable":true,"href":"https:\/\/beautybyrockagirl.com\/sklep\/wp-json\/wp\/v2\/product_brand?post=4454"},{"taxonomy":"product_cat","embeddable":true,"href":"https:\/\/beautybyrockagirl.com\/sklep\/wp-json\/wp\/v2\/product_cat?post=4454"},{"taxonomy":"product_tag","embeddable":true,"href":"https:\/\/beautybyrockagirl.com\/sklep\/wp-json\/wp\/v2\/product_tag?post=4454"}],"curies":[{"name":"wp","href":"https:\/\/api.w.org\/{rel}","templated":true}]}}