{"id":4427,"date":"2025-07-02T06:59:19","date_gmt":"2025-07-02T04:59:19","guid":{"rendered":"https:\/\/beautybyrockagirl.com\/sklep\/?post_type=product&#038;p=4427"},"modified":"2025-12-01T13:09:14","modified_gmt":"2025-12-01T12:09:14","slug":"super-sleek-bun","status":"publish","type":"product","link":"https:\/\/beautybyrockagirl.com\/sklep\/produkt\/super-sleek-bun\/","title":{"rendered":"SUPER SLEEK BUN &#8211; kurs online"},"content":{"rendered":"<div style=\"width: 980px;\" class=\"wp-video\"><video class=\"wp-video-shortcode\" id=\"video-4427-1\" width=\"980\" height=\"1742\" loop autoplay preload=\"metadata\" controls=\"controls\"><source type=\"video\/mp4\" src=\"https:\/\/beautybyrockagirl.com\/sklep\/wp-content\/uploads\/2025\/06\/SUPER-SLEEK-BUN-rolka-1.mp4?_=1\" \/><a href=\"https:\/\/beautybyrockagirl.com\/sklep\/wp-content\/uploads\/2025\/06\/SUPER-SLEEK-BUN-rolka-1.mp4\">https:\/\/beautybyrockagirl.com\/sklep\/wp-content\/uploads\/2025\/06\/SUPER-SLEEK-BUN-rolka-1.mp4<\/a><\/video><\/div>\n<h3 style=\"text-align: center;\"><strong>UWAGA &#8211; PRZED ZAKUPEM UTW\u00d3RZ KONTO! DOST\u0118P DO KURSU PO ZAKUPIE JEST MO\u017bLIWY TYLKO DLA ZALOGOWANYCH U\u017bYTKOWNIK\u00d3W!<\/strong><\/h3>\n<h3 style=\"text-align: center;\"><strong>* * *<\/strong><\/h3>\n<h4><strong><br \/>\n<\/strong><b>SUPER SLEEK BUN<\/b> to kurs online stworzony przez <a href=\"http:\/\/www.instagram.com\/BEAUTYBYROCKAGIRL\">Maj\u0119 Peryg\u0119 \u2013 Beauty by Rockagirl<\/a> po\u015bwi\u0119cony \u015bwiadomemu tworzeniu <strong>idealnie g\u0142adkich upi\u0119\u0107<\/strong>. W kursie pokazane s\u0105 <strong>dwie opcje<\/strong> wykonania fryzury &#8211; <strong>ni\u017csza<\/strong>, bardziej <strong>klasyczna<\/strong> i <strong>\u015bredniej wysoko\u015bci<\/strong>, bardziej <strong>trendowa<\/strong>.<\/h4>\n<p><strong>Je\u015bli chcesz bezstresowo, \u0142atwo i szybko tworzy\u0107 g\u0142adkie fryzury, ten kurs jest idealny dla Ciebie!<\/strong><\/p>\n<p>&nbsp;<\/p>\n<p>Szkolenie zosta\u0142o stworzone z my\u015bl\u0105 o:<\/p>\n<ul>\n<li><strong>fryzjerach i stylistach fryzur<\/strong> pragn\u0105cych pozna\u0107 u\u017cytkowe, trwa\u0142e techniki stylizacji w\u0142os\u00f3w, zgodne z aktualnymi trendami;<\/li>\n<li><strong>wiza\u017cystach<\/strong> chc\u0105cych rozszerzy\u0107 zakres us\u0142ug lub wzbogaci\u0107 portfolio.<\/li>\n<\/ul>\n<p>Szkolenie nadaje si\u0119 zar\u00f3wno dla os\u00f3b maj\u0105cych podstawy w stylizacji fryzur, jak i pocz\u0105tkuj\u0105cych.<\/p>\n<p>Ogl\u0105daj\u0105c nagranie, poznasz <b>dwa sposoby na g\u0142adkie upi\u0119cie<\/b>. Obydwa upi\u0119cia zosta\u0142y wyko\u0144czone idealnie <strong>g\u0142adk\u0105 tafl\u0105<\/strong>, wykonan\u0105 jednak na dwa r\u00f3\u017cne sposoby (dlaczego? czytaj dalej!):<\/p>\n<ol>\n<li>Pierwsza fryzura to <strong>ponadczasowy \u015blubny klasyk<\/strong> &#8211; <strong>niskie upi\u0119cie z delikatn\u0105 kopu\u0142k\u0105 <\/strong>o zdrowym, satynowym po\u0142ysku. Nauczysz si\u0119 si\u0119, jak wykona\u0107 <strong>tapir, kt\u00f3rego nie wida\u0107<\/strong> na powierzchni i jak rozmie\u015bci\u0107 go na g\u0142owie, aby <strong>kopu\u0142ka by\u0142a r\u00f3wna i okr\u0105g\u0142a<\/strong>. Dowiesz si\u0119, jakich produkt\u00f3w u\u017cy\u0107, aby na powierzchni kopu\u0142ki (mimo tapiru) uzyska\u0107 <strong>idealn\u0105 tafl\u0119<\/strong>, ale te\u017c\u00a0 jakie produkty nie sprawdz\u0105 si\u0119 do tego. Poznasz sprawdzony spos\u00f3b na stworzenie <strong>minimalistycznego koczka<\/strong> z jednego pasma, kt\u00f3ry sprawdzi si\u0119 na ka\u017cdej klientce &#8211; niezale\u017cnie od ilo\u015bci czy struktury w\u0142os\u00f3w.<\/li>\n<li>Druga fryzura to <strong>nowoczesna, trendowa propozycja<\/strong> &#8211; <strong>\u015bredniej wysoko\u015bci upi\u0119cie<\/strong> <strong>bez tapiru<\/strong> o przepi\u0119knym, b\u0142yszcz\u0105cym wyko\u0144czeniu. Dowiesz si\u0119, jak mimo braku tapiru podkre\u015bli\u0107 okr\u0105g\u0142y kszta\u0142t g\u0142owy i wykona\u0107 fryzur\u0105 <strong>optyczny lifting<\/strong>. Poznasz moj\u0105 <strong>autorsk\u0105 kombinacj\u0119 produkt\u00f3w i technik\u0119<\/strong>, dzi\u0119ki kt\u00f3rej w\u0142osy idealnie przylegaj\u0105 do sk\u00f3ry g\u0142owy i mimo braku tapiru <strong>nie tworz\u0105 si\u0119 prze\u015bwity<\/strong> ani grudki &#8211; <strong>idealna tafla<\/strong> i trwa\u0142o\u015b\u0107 bez u\u017cycia \u017celu do w\u0142os\u00f3w! Zobaczysz te\u017c, jak tworz\u0119 minimalistycznego, ciekawego koczka z dw\u00f3ch pasm.<\/li>\n<\/ol>\n<h3>INFORMACJE:<\/h3>\n<ul>\n<li>nagranie w jako\u015bci\u00a0<strong>full HD<\/strong> o d\u0142ugo\u015bci ok. 1,5 h &#8211; DOST\u0118PNE W ZAK\u0141ADCE &#8222;TWOJE KURSY&#8221; PO ZAKUPIE I ZALOGOWANIU NA KONTO<\/li>\n<li>uj\u0119cia z\u00a0<strong>dw\u00f3ch kamer<\/strong>\u00a0(popiersie oraz\u00a0<strong>mocny zoom<\/strong>)<\/li>\n<li>om\u00f3wienie sprz\u0119tu, narz\u0119dzi oraz kosmetyk\u00f3w w trakcie nagrania<\/li>\n<li>imienny\u00a0<strong>certyfikat<\/strong> w formie PDF (do pobrania w zak\u0142adce &#8222;Twoje kursy&#8221; po zakupie i zalogowaniu)<\/li>\n<li><strong>skrypt<\/strong> zawieraj\u0105cy podstawowe informacje teoretyczne o stylizacji w\u0142os\u00f3w, schematy podzia\u0142u w\u0142os\u00f3w na sekcje oraz spis wszystkich u\u017cytych produkt\u00f3w wraz z ich charakterystyk\u0105 (do pobrania w zak\u0142adce &#8222;Twoje kursy&#8221; po zakupie i zalogowaniu)<\/li>\n<li>gwarantowany okres dost\u0119pu: <strong>365 dni<\/strong> (aktualnie czas dost\u0119pu nie jest odg\u00f3rnie limitowany)<\/li>\n<li>ceny zawieraj\u0105 podatek VAT 23%<\/li>\n<\/ul>\n<h2><strong>JAK UZYSKA\u0106 DOST\u0118P:<\/strong><\/h2>\n<ul>\n<li>\n<h3><strong>Dost\u0119p do kursu jest przyznawany automatycznie w momencie zaksi\u0119gowania p\u0142atno\u015bci.<\/strong><\/h3>\n<\/li>\n<li>\n<h3><strong>Zaloguj si\u0119 na swoje konto, u\u017cywaj\u0105c loginu i has\u0142a podanych przy zakupie. <\/strong><strong>DOST\u0118P DO KURSU JEST MO\u017bLIWY TYLKO DLA ZALOGOWANYCH U\u017bYTKOWNIK\u00d3W!<\/strong><\/h3>\n<\/li>\n<li>\n<h3><strong>Wejd\u017a na g\u0142\u00f3wn\u0105 stron\u0119 sklepu i wejd\u017a w zak\u0142adk\u0119 <a href=\"https:\/\/beautybyrockagirl.com\/sklep\/twoje-kursy\/\">TWOJE KURSY<\/a>.<\/strong><\/h3>\n<\/li>\n<li>\n<h3><strong>Kliknij na nazw\u0119 kursu, aby go obejrze\u0107, wy\u015bwietli\u0107 skrypt i pobra\u0107 certyfikat<\/strong><strong>.<\/strong><\/h3>\n<\/li>\n<\/ul>\n","protected":false},"excerpt":{"rendered":"<p>UWAGA &#8211; PRZED ZAKUPEM UTW\u00d3RZ KONTO! DOST\u0118P DO KURSU PO ZAKUPIE JEST MO\u017bLIWY TYLKO DLA ZALOGOWANYCH U\u017bYTKOWNIK\u00d3W! * * * SUPER SLEEK BUN to kurs online stworzony przez Maj\u0119 Peryg\u0119 \u2013 Beauty by Rockagirl po\u015bwi\u0119cony \u015bwiadomemu tworzeniu idealnie g\u0142adkich upi\u0119\u0107. W kursie pokazane s\u0105 dwie opcje wykonania fryzury &#8211; ni\u017csza, bardziej klasyczna i \u015bredniej wysoko\u015bci, [&hellip;]<\/p>\n","protected":false},"featured_media":4443,"template":"","meta":{"_acf_changed":false},"product_brand":[],"product_cat":[16],"product_tag":[],"class_list":{"0":"post-4427","1":"product","2":"type-product","3":"status-publish","4":"has-post-thumbnail","6":"product_cat-kursy","8":"first","9":"instock","10":"virtual","11":"sold-individually","12":"taxable","13":"purchasable","14":"product-type-simple"},"acf":[],"_links":{"self":[{"href":"https:\/\/beautybyrockagirl.com\/sklep\/wp-json\/wp\/v2\/product\/4427","targetHints":{"allow":["GET"]}}],"collection":[{"href":"https:\/\/beautybyrockagirl.com\/sklep\/wp-json\/wp\/v2\/product"}],"about":[{"href":"https:\/\/beautybyrockagirl.com\/sklep\/wp-json\/wp\/v2\/types\/product"}],"wp:featuredmedia":[{"embeddable":true,"href":"https:\/\/beautybyrockagirl.com\/sklep\/wp-json\/wp\/v2\/media\/4443"}],"wp:attachment":[{"href":"https:\/\/beautybyrockagirl.com\/sklep\/wp-json\/wp\/v2\/media?parent=4427"}],"wp:term":[{"taxonomy":"product_brand","embeddable":true,"href":"https:\/\/beautybyrockagirl.com\/sklep\/wp-json\/wp\/v2\/product_brand?post=4427"},{"taxonomy":"product_cat","embeddable":true,"href":"https:\/\/beautybyrockagirl.com\/sklep\/wp-json\/wp\/v2\/product_cat?post=4427"},{"taxonomy":"product_tag","embeddable":true,"href":"https:\/\/beautybyrockagirl.com\/sklep\/wp-json\/wp\/v2\/product_tag?post=4427"}],"curies":[{"name":"wp","href":"https:\/\/api.w.org\/{rel}","templated":true}]}}